{"id":6269,"date":"2024-01-28T19:24:02","date_gmt":"2024-01-28T19:24:02","guid":{"rendered":"https:\/\/granada.fesofiabarat.es\/?page_id=6269"},"modified":"2024-01-28T19:24:02","modified_gmt":"2024-01-28T19:24:02","slug":"borrador-automatico-7","status":"publish","type":"page","link":"https:\/\/granada.fesofiabarat.es\/?page_id=6269","title":{"rendered":"Borrador autom\u00e1tico"},"content":{"rendered":"<h1>Os presentamos dos Proyectos:<br \/>1\u00ba Voluntariado Internacional Norte &#8211; Sur<\/h1>\n<div>\n<p>Un programa de voluntariado internacional en<br \/>Latinoam\u00e9rica, desde el estilo educador de<br \/>Magdalena Sof\u00eda, en reciprocidad y colaboraci\u00f3n<br \/>con los proyectos educativos de la Sociedad del<br \/>Sagrado Coraz\u00f3n.<br \/>Ofrece a j\u00f3venes experiencias de inserci\u00f3n,<br \/>servicio y solidaridad, con y para personas y grupos<br \/>vulnerables.<\/p>\n<\/div>\n<hr>\n<p><img decoding=\"async\" src=\"\/wp-content\/uploads\/2024\/01\/Captura-de-pantalla-2024-01-28-a-las-20.00.03.png\" alt=\"\"><br \/>\n<img decoding=\"async\" src=\"\/wp-content\/uploads\/2024\/01\/Captura-de-pantalla-2024-01-28-a-las-20.02.42.png\" alt=\"\"><\/p>\n<div>\n<p><strong>\u00bfCU\u00c1LES SON SUS OBJETIVOS?<\/strong><br \/>1. Compartir la vida, misi\u00f3n y espiritualidad de la Sociedad del Sagrado Coraz\u00f3n de Jes\u00fas con<br \/>otros j\u00f3venes, a trav\u00e9s de los proyectos de voluntariado.<br \/>2. Favorecer un espacio de servicio y de compromiso en solidaridad con comunidades<br \/>vulnerables desde la perspectiva de la JPIC.<br \/>3. Ofrecer a los j\u00f3venes voluntarios un espacio de formaci\u00f3n integral, compromiso y<br \/>transformaci\u00f3n social desde la Espiritualidad del Sagrado Coraz\u00f3n.<br \/>4. Propiciar que la experiencia del voluntariado posibilite el encuentro personal con Jes\u00fas<br \/>desde los m\u00e1s pobres, ayude a que los j\u00f3venes profundicen su vida espiritual y descubran su<br \/>vocaci\u00f3n.<\/p>\n<\/div>\n<hr>\n<div>\n<p><strong>\u00bfA QUI\u00c9N EST\u00c1 DIRIGIDO?<\/strong><br \/>1. J\u00f3venes de entre 20 y 35 a\u00f1os.<br \/>2. Con motivaci\u00f3n para participar en este<br \/>proyecto.<br \/>3. Proceso de formaci\u00f3n.<br \/>4. Entrevista personal.<br \/>5. Buena salud y equilibrio psicol\u00f3gico.<br \/>6. Experiencias de servicio previas en su lugar<br \/>de origen.<br \/>7. Disponibilidad de al menos un mes y hasta<br \/>un a\u00f1o.<\/p>\n<\/div>\n<hr>\n<p><img decoding=\"async\" src=\"\/wp-content\/uploads\/2024\/01\/Captura-de-pantalla-2024-01-28-a-las-20.05.26.png\" alt=\"\"><\/p>\n<h1>proyectonortesur@rscj.es<\/h1>\n<div>\n<p><strong>CADA CURSO ESCOLAR, EN OCTUBRE, SE REALIZA LA CONVOCATORIA EN NUESTRAS REDES <\/strong><strong>SOCIALES. \u00a1PERMANECE ATENTO, ESTE PUEDE SER TU MOMENTO PARA VIVIR UNA <\/strong><strong>EXPERIENCIA ENRIQUECEDORA DE VOLUNTARIADO INTERNACIONAL!<\/strong><\/p>\n<\/div>\n<hr>\n<h1>2\u00ba Proyecto Bantab\u00e1<\/h1>\n<p><img decoding=\"async\" src=\"\/wp-content\/uploads\/2024\/01\/Captura-de-pantalla-2024-01-28-a-las-20.13.16.png\" alt=\"\"><\/p>\n<div>\n<p>El proyecto\u202fBantab\u00e1\u202fest\u00e1 impulsado por las Religiosas del Sagrado Coraz\u00f3n con la<br \/>colaboraci\u00f3n de voluntarios.<br \/>Es una forma de incentivar la sensibilizaci\u00f3n de j\u00f3venes y mayores ante la realidad de tantos<br \/>hombres y mujeres que dejan su tierra para buscar mejores oportunidades para ellos y sus<br \/>familias.<\/p>\n<\/div>\n<hr>\n<div>\n<p><strong>\u00bfA QUI\u00c9N EST\u00c1 DIRIGIDO?<\/strong><\/p>\n<p>Bantab\u00e1 es un espacio donde compartir vida y experiencias con personas inmigrantes en Las Norias de<br \/>Daza, una localidad de la provincia de Almer\u00eda perteneciente al municipio de El Ejido.<br \/>Est\u00e1 pensado para personas, de 22 a\u00f1os en adelante, voluntarias para colaborar en la acogida de los<br \/>inmigrantes que llegan a esta localidad.<\/p>\n<p><strong>\u00bfCU\u00c1LES SON SUS OBJETIVOS?<\/strong><\/p>\n<p>Bantab\u00e1\u202fbusca\u202fofrecer un enriquecimiento mutuo de las personas acogidas y de los<br \/>colaboradores voluntarios facilitando espacios de encuentro y apoyo. De este modo, se<br \/>quiere contribuir\u202fa la integraci\u00f3n y a\u202fla cohesi\u00f3n social, favoreciendo\u202fla dignidad y la igualdad<br \/>de oportunidades.<br \/>Para ello ofrece:\u202f<br \/>\u25cf \u202fUn despacho de acogida al que acuden muchas personas buscando informaci\u00f3n y<br \/>apoyo.\u202f\u202f<br \/>\u25cf Clases de espa\u00f1ol para el aprendizaje del idioma, herramienta fundamental para la<br \/>vida y\u202fasegurar un trabajo.\u202f\u202f<br \/>\u25cf Actividades de formaci\u00f3n que dependen de la posibilidad de voluntarios para<br \/>impartirlas.\u202f\u202f<br \/>\u25cf Participaci\u00f3n en actividades que se organizan para los vecinos del pueblo.<\/p>\n<\/div>\n<p><img decoding=\"async\" src=\"\/wp-content\/uploads\/2024\/01\/Captura-de-pantalla-2024-01-28-a-las-20.17.33.png\" alt=\"\"><\/p>\n<h1>proyectobantaba@gmail.com<\/h1>\n<p><!--more--><br \/>\n<!-- {\"type\":\"layout\",\"children\":[{\"type\":\"section\",\"props\":{\"image_position\":\"center-center\",\"style\":\"default\",\"title_breakpoint\":\"xl\",\"title_position\":\"top-left\",\"title_rotation\":\"left\",\"vertical_align\":\"middle\",\"width\":\"default\"},\"children\":[{\"type\":\"row\",\"children\":[{\"type\":\"column\",\"props\":{\"image_position\":\"center-center\",\"position_sticky_breakpoint\":\"m\"},\"children\":[{\"type\":\"headline\",\"props\":{\"content\":\"Os presentamos dos Proyectos:<br \\\/>1\\u00ba Voluntariado Internacional Norte - Sur\",\"title_element\":\"h1\"}}]}]},{\"type\":\"row\",\"props\":{\"layout\":\"2-3,1-3\"},\"children\":[{\"type\":\"column\",\"props\":{\"image_position\":\"center-center\",\"position_sticky_breakpoint\":\"m\",\"width_medium\":\"2-3\"},\"children\":[{\"type\":\"text\",\"props\":{\"column_breakpoint\":\"m\",\"content\":\"\n\n<p>Un programa de voluntariado internacional en<br \\\/>Latinoam\\u00e9rica, desde el estilo educador de<br \\\/>Magdalena Sof\\u00eda, en reciprocidad y colaboraci\\u00f3n<br \\\/>con los proyectos educativos de la Sociedad del<br \\\/>Sagrado Coraz\\u00f3n.<br \\\/>Ofrece a j\\u00f3venes experiencias de inserci\\u00f3n,<br \\\/>servicio y solidaridad, con y para personas y grupos<br \\\/>vulnerables.<\\\/p>\",\"margin\":\"default\",\"text_style\":\"large\"}},{\"type\":\"divider\",\"props\":{\"divider_element\":\"hr\"}}]},{\"type\":\"column\",\"props\":{\"image_position\":\"center-center\",\"position_sticky_breakpoint\":\"m\",\"width_medium\":\"1-3\"},\"children\":[{\"type\":\"image\",\"props\":{\"image\":\"wp-content\\\/uploads\\\/2024\\\/01\\\/Captura-de-pantalla-2024-01-28-a-las-20.00.03.png\",\"image_svg_color\":\"emphasis\",\"margin\":\"default\"}}]}]},{\"type\":\"row\",\"props\":{\"layout\":\"1-3,2-3\"},\"children\":[{\"type\":\"column\",\"props\":{\"image_position\":\"center-center\",\"position_sticky_breakpoint\":\"m\",\"width_medium\":\"1-3\"},\"children\":[{\"type\":\"image\",\"props\":{\"image\":\"wp-content\\\/uploads\\\/2024\\\/01\\\/Captura-de-pantalla-2024-01-28-a-las-20.02.42.png\",\"image_svg_color\":\"emphasis\",\"margin\":\"default\"}}]},{\"type\":\"column\",\"props\":{\"image_position\":\"center-center\",\"position_sticky_breakpoint\":\"m\",\"width_medium\":\"2-3\"},\"children\":[{\"type\":\"text\",\"props\":{\"column_breakpoint\":\"m\",\"content\":\"\n\n<p><strong>\\u00bfCU\\u00c1LES SON SUS OBJETIVOS?<\\\/strong><br \\\/>1. Compartir la vida, misi\\u00f3n y espiritualidad de la Sociedad del Sagrado Coraz\\u00f3n de Jes\\u00fas con<br \\\/>otros j\\u00f3venes, a trav\\u00e9s de los proyectos de voluntariado.<br \\\/>2. Favorecer un espacio de servicio y de compromiso en solidaridad con comunidades<br \\\/>vulnerables desde la perspectiva de la JPIC.<br \\\/>3. Ofrecer a los j\\u00f3venes voluntarios un espacio de formaci\\u00f3n integral, compromiso y<br \\\/>transformaci\\u00f3n social desde la Espiritualidad del Sagrado Coraz\\u00f3n.<br \\\/>4. Propiciar que la experiencia del voluntariado posibilite el encuentro personal con Jes\\u00fas<br \\\/>desde los m\\u00e1s pobres, ayude a que los j\\u00f3venes profundicen su vida espiritual y descubran su<br \\\/>vocaci\\u00f3n.<\\\/p>\",\"margin\":\"default\",\"text_style\":\"large\"}},{\"type\":\"divider\",\"props\":{\"divider_element\":\"hr\"}}]}]},{\"type\":\"row\",\"props\":{\"layout\":\"2-3,1-3\"},\"children\":[{\"type\":\"column\",\"props\":{\"image_position\":\"center-center\",\"position_sticky_breakpoint\":\"m\",\"width_medium\":\"2-3\"},\"children\":[{\"type\":\"text\",\"props\":{\"column_breakpoint\":\"m\",\"content\":\"\n\n<p><strong>\\u00bfA QUI\\u00c9N EST\\u00c1 DIRIGIDO?<\\\/strong><br \\\/>1. J\\u00f3venes de entre 20 y 35 a\\u00f1os.<br \\\/>2. Con motivaci\\u00f3n para participar en este<br \\\/>proyecto.<br \\\/>3. Proceso de formaci\\u00f3n.<br \\\/>4. Entrevista personal.<br \\\/>5. Buena salud y equilibrio psicol\\u00f3gico.<br \\\/>6. Experiencias de servicio previas en su lugar<br \\\/>de origen.<br \\\/>7. Disponibilidad de al menos un mes y hasta<br \\\/>un a\\u00f1o.<\\\/p>\",\"margin\":\"default\",\"text_style\":\"large\"}},{\"type\":\"divider\",\"props\":{\"divider_element\":\"hr\"}}]},{\"type\":\"column\",\"props\":{\"image_position\":\"center-center\",\"position_sticky_breakpoint\":\"m\",\"width_medium\":\"1-3\"},\"children\":[{\"type\":\"image\",\"props\":{\"image\":\"wp-content\\\/uploads\\\/2024\\\/01\\\/Captura-de-pantalla-2024-01-28-a-las-20.05.26.png\",\"image_svg_color\":\"emphasis\",\"margin\":\"default\"}}]}]},{\"type\":\"row\",\"children\":[{\"type\":\"column\",\"props\":{\"image_position\":\"center-center\",\"position_sticky_breakpoint\":\"m\"},\"children\":[{\"type\":\"headline\",\"props\":{\"content\":\"proyectonortesur@rscj.es\",\"title_color\":\"secondary\",\"title_element\":\"h1\"}},{\"type\":\"text\",\"props\":{\"column_breakpoint\":\"m\",\"content\":\"\n\n<p><strong>CADA CURSO ESCOLAR, EN OCTUBRE, SE REALIZA LA CONVOCATORIA EN NUESTRAS REDES <\\\/strong><strong>SOCIALES. \\u00a1PERMANECE ATENTO, ESTE PUEDE SER TU MOMENTO PARA VIVIR UNA <\\\/strong><strong>EXPERIENCIA ENRIQUECEDORA DE VOLUNTARIADO INTERNACIONAL!<\\\/strong><\\\/p>\",\"margin\":\"default\",\"text_style\":\"large\"}},{\"type\":\"divider\",\"props\":{\"divider_element\":\"hr\"}}]}]},{\"type\":\"row\",\"children\":[{\"type\":\"column\",\"props\":{\"image_position\":\"center-center\",\"position_sticky_breakpoint\":\"m\"},\"children\":[{\"type\":\"headline\",\"props\":{\"content\":\"2\\u00ba Proyecto Bantab\\u00e1\",\"title_element\":\"h1\"}}]}]},{\"type\":\"row\",\"props\":{\"layout\":\"1-3,2-3\"},\"children\":[{\"type\":\"column\",\"props\":{\"image_position\":\"center-center\",\"position_sticky_breakpoint\":\"m\",\"width_medium\":\"1-3\"},\"children\":[{\"type\":\"image\",\"props\":{\"image\":\"wp-content\\\/uploads\\\/2024\\\/01\\\/Captura-de-pantalla-2024-01-28-a-las-20.13.16.png\",\"image_svg_color\":\"emphasis\",\"margin\":\"default\"}}]},{\"type\":\"column\",\"props\":{\"image_position\":\"center-center\",\"position_sticky_breakpoint\":\"m\",\"width_medium\":\"2-3\"},\"children\":[{\"type\":\"text\",\"props\":{\"column_breakpoint\":\"m\",\"content\":\"\n\n<p>El proyecto\\u202fBantab\\u00e1\\u202fest\\u00e1 impulsado por las Religiosas del Sagrado Coraz\\u00f3n con la<br \\\/>colaboraci\\u00f3n de voluntarios.<br \\\/>Es una forma de incentivar la sensibilizaci\\u00f3n de j\\u00f3venes y mayores ante la realidad de tantos<br \\\/>hombres y mujeres que dejan su tierra para buscar mejores oportunidades para ellos y sus<br \\\/>familias.<\\\/p>\",\"margin\":\"default\",\"text_style\":\"large\"}},{\"type\":\"divider\",\"props\":{\"divider_element\":\"hr\"}}]}]},{\"type\":\"row\",\"props\":{\"layout\":\"2-3,1-3\"},\"children\":[{\"type\":\"column\",\"props\":{\"image_position\":\"center-center\",\"position_sticky_breakpoint\":\"m\",\"width_medium\":\"2-3\"},\"children\":[{\"type\":\"text\",\"props\":{\"column_breakpoint\":\"m\",\"content\":\"\n\n<p><strong>\\u00bfA QUI\\u00c9N EST\\u00c1 DIRIGIDO?<\\\/strong><\\\/p>\\n\n\n<p>Bantab\\u00e1 es un espacio donde compartir vida y experiencias con personas inmigrantes en Las Norias de<br \\\/>Daza, una localidad de la provincia de Almer\\u00eda perteneciente al municipio de El Ejido.<br \\\/>Est\\u00e1 pensado para personas, de 22 a\\u00f1os en adelante, voluntarias para colaborar en la acogida de los<br \\\/>inmigrantes que llegan a esta localidad.<\\\/p>\\n\n\n<p><strong>\\u00bfCU\\u00c1LES SON SUS OBJETIVOS?<\\\/strong><\\\/p>\\n\n\n<p>Bantab\\u00e1\\u202fbusca\\u202fofrecer un enriquecimiento mutuo de las personas acogidas y de los<br \\\/>colaboradores voluntarios facilitando espacios de encuentro y apoyo. De este modo, se<br \\\/>quiere contribuir\\u202fa la integraci\\u00f3n y a\\u202fla cohesi\\u00f3n social, favoreciendo\\u202fla dignidad y la igualdad<br \\\/>de oportunidades.<br \\\/>Para ello ofrece:\\u202f<br \\\/>\\u25cf \\u202fUn despacho de acogida al que acuden muchas personas buscando informaci\\u00f3n y<br \\\/>apoyo.\\u202f\\u202f<br \\\/>\\u25cf Clases de espa\\u00f1ol para el aprendizaje del idioma, herramienta fundamental para la<br \\\/>vida y\\u202fasegurar un trabajo.\\u202f\\u202f<br \\\/>\\u25cf Actividades de formaci\\u00f3n que dependen de la posibilidad de voluntarios para<br \\\/>impartirlas.\\u202f\\u202f<br \\\/>\\u25cf Participaci\\u00f3n en actividades que se organizan para los vecinos del pueblo.<\\\/p>\",\"margin\":\"default\",\"text_style\":\"large\"}}]},{\"type\":\"column\",\"props\":{\"image_position\":\"center-center\",\"position_sticky_breakpoint\":\"m\",\"width_medium\":\"1-3\"},\"children\":[{\"type\":\"image\",\"props\":{\"image\":\"wp-content\\\/uploads\\\/2024\\\/01\\\/Captura-de-pantalla-2024-01-28-a-las-20.17.33.png\",\"image_svg_color\":\"emphasis\",\"margin\":\"default\"}}]}]},{\"type\":\"row\",\"children\":[{\"type\":\"column\",\"props\":{\"image_position\":\"center-center\",\"position_sticky_breakpoint\":\"m\"},\"children\":[{\"type\":\"headline\",\"props\":{\"content\":\"proyectobantaba@gmail.com\",\"title_color\":\"secondary\",\"title_element\":\"h1\"}}]}]}]}],\"version\":\"4.2.11\"} --><\/p>\n","protected":false},"excerpt":{"rendered":"<p>Os presentamos dos Proyectos:1\u00ba Voluntariado Internacional Norte &#8211; Sur Un programa de voluntariado internacional enLatinoam\u00e9rica, desde el estilo educador deMagdalena Sof\u00eda, en reciprocidad y colaboraci\u00f3ncon los proyectos educativos de la Sociedad delSagrado Coraz\u00f3n.Ofrece a j\u00f3venes experiencias de inserci\u00f3n,servicio y solidaridad, con y para personas y gruposvulnerables. \u00bfCU\u00c1LES SON SUS OBJETIVOS?1. Compartir la vida, misi\u00f3n y [&hellip;]<\/p>\n","protected":false},"author":13,"featured_media":0,"parent":0,"menu_order":0,"comment_status":"closed","ping_status":"closed","template":"","meta":{"_seopress_robots_primary_cat":"","_seopress_titles_title":"","_seopress_titles_desc":"","_seopress_robots_index":"","footnotes":""},"class_list":["post-6269","page","type-page","status-publish","hentry"],"_links":{"self":[{"href":"https:\/\/granada.fesofiabarat.es\/index.php?rest_route=\/wp\/v2\/pages\/6269","targetHints":{"allow":["GET"]}}],"collection":[{"href":"https:\/\/granada.fesofiabarat.es\/index.php?rest_route=\/wp\/v2\/pages"}],"about":[{"href":"https:\/\/granada.fesofiabarat.es\/index.php?rest_route=\/wp\/v2\/types\/page"}],"author":[{"embeddable":true,"href":"https:\/\/granada.fesofiabarat.es\/index.php?rest_route=\/wp\/v2\/users\/13"}],"replies":[{"embeddable":true,"href":"https:\/\/granada.fesofiabarat.es\/index.php?rest_route=%2Fwp%2Fv2%2Fcomments&post=6269"}],"version-history":[{"count":10,"href":"https:\/\/granada.fesofiabarat.es\/index.php?rest_route=\/wp\/v2\/pages\/6269\/revisions"}],"predecessor-version":[{"id":6284,"href":"https:\/\/granada.fesofiabarat.es\/index.php?rest_route=\/wp\/v2\/pages\/6269\/revisions\/6284"}],"wp:attachment":[{"href":"https:\/\/granada.fesofiabarat.es\/index.php?rest_route=%2Fwp%2Fv2%2Fmedia&parent=6269"}],"curies":[{"name":"wp","href":"https:\/\/api.w.org\/{rel}","templated":true}]}}